{"id":54511,"date":"2024-07-22T15:27:32","date_gmt":"2024-07-22T19:27:32","guid":{"rendered":"https:\/\/urnesbegin.com\/1718995034894\/?page_id=54511"},"modified":"2024-08-12T10:02:12","modified_gmt":"2024-08-12T14:02:12","slug":"monuments-en-2","status":"publish","type":"page","link":"https:\/\/urnesbegin.com\/?page_id=54511&lang=fr","title":{"rendered":"Monuments-fr"},"content":{"rendered":"[vc_row type=&#8221;full_width_content&#8221; full_screen_row_position=&#8221;middle&#8221; scene_position=&#8221;center&#8221; text_color=&#8221;dark&#8221; text_align=&#8221;left&#8221; class=&#8221;topBannerImage&#8221; overlay_strength=&#8221;0.3&#8243;][vc_column centered_text=&#8221;true&#8221; column_padding=&#8221;no-extra-padding&#8221; column_padding_position=&#8221;all&#8221; background_color_opacity=&#8221;1&#8243; background_hover_color_opacity=&#8221;1&#8243; width=&#8221;1\/1&#8243; tablet_text_alignment=&#8221;default&#8221; phone_text_alignment=&#8221;default&#8221;]<div class=\"img-with-aniamtion-wrap center\" data-max-width=\"100%\"><div class=\"inner\"><img loading=\"lazy\" decoding=\"async\" data-shadow=\"none\" data-shadow-direction=\"middle\" class=\"img-with-animation \" data-delay=\"0\" height=\"500\" width=\"1200\" data-animation=\"none\" src=\"https:\/\/urnesbegin.com\/wp-content\/uploads\/2024\/07\/ban_begin_web_2024_monument_02.jpg\" alt=\"\" \/><\/div><\/div>[\/vc_column][\/vc_row][vc_row type=&#8221;full_width_content&#8221; full_screen_row_position=&#8221;middle&#8221; bg_color=&#8221;#efefed&#8221; scene_position=&#8221;center&#8221; text_color=&#8221;dark&#8221; text_align=&#8221;left&#8221; bottom_padding=&#8221;0&#8243; overlay_strength=&#8221;0.3&#8243;][vc_column centered_text=&#8221;true&#8221; column_padding=&#8221;no-extra-padding&#8221; column_padding_position=&#8221;all&#8221; background_color_opacity=&#8221;1&#8243; background_hover_color_opacity=&#8221;1&#8243; width=&#8221;1\/1&#8243; tablet_text_alignment=&#8221;default&#8221; phone_text_alignment=&#8221;default&#8221;][vc_column_text css=&#8221;.vc_custom_1721676613938{padding-top: 25px !important;padding-bottom: 25px !important;}&#8221;]\n<p class=\"collectionSubTitleFR\">COLLECTION<\/p>\n<h1 class=\"collectionTitleFR\">Monuments Fun\u00e9raires<\/h1>\n[\/vc_column_text][\/vc_column][\/vc_row][vc_row type=&#8221;in_container&#8221; full_screen_row_position=&#8221;middle&#8221; scene_position=&#8221;center&#8221; text_color=&#8221;dark&#8221; text_align=&#8221;left&#8221; top_padding=&#8221;32&#8243; class=&#8221;justifyPara&#8221; overlay_strength=&#8221;0.3&#8243;][vc_column column_padding=&#8221;no-extra-padding&#8221; column_padding_position=&#8221;all&#8221; background_color_opacity=&#8221;1&#8243; background_hover_color_opacity=&#8221;1&#8243; top_margin=&#8221;24&#8243; el_class=&#8221;narrowPara&#8221; width=&#8221;1\/6&#8243; tablet_text_alignment=&#8221;default&#8221; phone_text_alignment=&#8221;default&#8221;][\/vc_column][vc_column column_padding=&#8221;no-extra-padding&#8221; column_padding_position=&#8221;all&#8221; background_color_opacity=&#8221;1&#8243; background_hover_color_opacity=&#8221;1&#8243; width=&#8221;2\/3&#8243; tablet_text_alignment=&#8221;default&#8221; phone_text_alignment=&#8221;default&#8221;][vc_column_text]<span style=\"font-weight: 400;\">D\u00e9couvrez notre majestueuse collection de monuments fun\u00e9raires. Chaque monument est coul\u00e9 en bronze et a \u00e9t\u00e9 con\u00e7u par des artistes renomm\u00e9s, assurant une pi\u00e8ce d&#8217;une beaut\u00e9 exceptionnelle et un hommage durable.<\/span><\/p>\n<p><span style=\"font-weight: 400;\">Nos monuments fun\u00e9raires sont des \u00e9ditions limit\u00e9es, avec seulement 200 exemplaires produits par mod\u00e8le. Chacun d\u2019eux est accompagn\u00e9 d&#8217;un certificat d\u2019authenticit\u00e9 avec le sceau de l\u2019artiste, garantissant sa provenance.<\/span><\/p>\n<p><span style=\"font-weight: 400;\">Con\u00e7us pour r\u00e9pondre aux besoins des individus, des couples et des familles, nos monuments peuvent accueillir jusqu&#8217;\u00e0 dix (10) urnes individuelles. Ces oeuvres peuvent \u00eatre install\u00e9es \u00e0 la fois \u00e0 l&#8217;int\u00e9rieur et \u00e0 l&#8217;ext\u00e9rieur, offrant ainsi un lieu de repos serein et respectueux dans divers environnements. La collection de monuments fun\u00e9raires propose une mani\u00e8re intemporelle et \u00e9l\u00e9gante de c\u00e9l\u00e9brer la vie, qui r\u00e9siste \u00e0 l&#8217;\u00e9preuve du temps.<\/span><\/p>\n<div>Vous pouvez t\u00e9l\u00e9charger notre formulaire de commande (PDF dynamique)&nbsp;<a href=\"PDF\/Bon_Commande_Begin_FR_2024.pdf\" target=\"_blank\" rel=\"noopener\"><b><u>ici<\/u><\/b><\/a>.<\/div>\n<div>&nbsp;<\/div>\n<div>Nous sommes actuellement en phase de beta-test avec notre nouvelle application de commande en ligne.<\/div>\n<div>Si vous d\u00e9sirez vous inscrire \u00e0 ce service et \u00eatre notifi\u00e9 lorsqu&#8217;il sera officiellement lanc\u00e9, veuillez svp remplir le formulaire <a href=\"?page_id=54565&amp;lang=fr\" target=\"_blank\" rel=\"noopener\"><b><u>ici<\/u><\/b><\/a>.<\/div>\n[\/vc_column_text][\/vc_column][vc_column column_padding=&#8221;no-extra-padding&#8221; column_padding_position=&#8221;all&#8221; background_color_opacity=&#8221;1&#8243; background_hover_color_opacity=&#8221;1&#8243; width=&#8221;1\/6&#8243; tablet_text_alignment=&#8221;default&#8221; phone_text_alignment=&#8221;default&#8221;][\/vc_column][\/vc_row][vc_row type=&#8221;in_container&#8221; full_screen_row_position=&#8221;middle&#8221; scene_position=&#8221;center&#8221; text_color=&#8221;dark&#8221; text_align=&#8221;left&#8221; overlay_strength=&#8221;0.3&#8243;][vc_column centered_text=&#8221;true&#8221; column_padding=&#8221;no-extra-padding&#8221; column_padding_position=&#8221;all&#8221; background_color_opacity=&#8221;1&#8243; background_hover_color_opacity=&#8221;1&#8243; width=&#8221;1\/6&#8243; tablet_text_alignment=&#8221;default&#8221; phone_text_alignment=&#8221;default&#8221;][\/vc_column][vc_column centered_text=&#8221;true&#8221; column_padding=&#8221;no-extra-padding&#8221; column_padding_position=&#8221;all&#8221; background_color_opacity=&#8221;1&#8243; background_hover_color_opacity=&#8221;1&#8243; width=&#8221;2\/3&#8243; tablet_text_alignment=&#8221;default&#8221; phone_text_alignment=&#8221;default&#8221;][vc_raw_html]JTNDZGl2JTIwc3R5bGUlM0QlMjJtYXJnaW4tYm90dG9tJTNBOHB4JTIyJTNFJTBBJTNDYSUyMGhyZWYlM0QlMjJQREYlMkZGUiUyRkNhdGFsb2d1ZV9Vcm5lc18yMDI0X0JlZ2luX0ZSX01vbnVtZW50LnBkZiUyMiUyMHRhcmdldCUzRCUyMl9ibGFuayUyMiUyMHJlbCUzRCUyMm5vb3BlbmVyJTIyJTNFJTNDaW1nJTIwY2xhc3MlM0QlMjJkb3dubG9hZFBERkljb24lMjIlMjAlMjBzcmMlM0QlMjJQREYlMkZkb3dubG9hZF8wMS5zdmclMjIlMjBhbHQlM0QlMjIlMjIlMjAlMjAlMkYlM0UlM0MlMkZhJTNFJTBBJTNDJTJGZGl2JTNFJTBBJTNDYSUyMGNsYXNzJTNEJTIybmVjdGFyLWJ1dHRvbiUyMHNtYWxsJTIwcmVndWxhciUyMGFjY2VudC1jb2xvciUyMHJlZ3VsYXItYnV0dG9uJTIyJTIwc3R5bGUlM0QlMjJ2aXNpYmlsaXR5JTNBJTIwdmlzaWJsZSUzQiUyMiUyMHRhcmdldCUzRCUyMl9ibGFuayUyMiUyMGhyZWYlM0QlMjJQREYlMkZGUiUyRkNhdGFsb2d1ZV9Vcm5lc18yMDI0X0JlZ2luX0ZSX01vbnVtZW50LnBkZiUyMiUyMGRhdGEtY29sb3Itb3ZlcnJpZGUlM0QlMjJmYWxzZSUyMiUyMGRhdGEtaG92ZXItY29sb3Itb3ZlcnJpZGUlM0QlMjJmYWxzZSUyMiUyMGRhdGEtaG92ZXItdGV4dC1jb2xvci1vdmVycmlkZSUzRCUyMiUyM2ZmZiUyMiUzRSUzQ3NwYW4lM0VUJUMzJUE5bCVDMyVBOWNoYXJnZXIlMjBsYSUyMENvbGxlY3Rpb24lMjBkZSUyME1vbnVtZW50cyUzQyUyRnNwYW4lM0UlM0MlMkZhJTNF[\/vc_raw_html][\/vc_column][vc_column column_padding=&#8221;no-extra-padding&#8221; column_padding_position=&#8221;all&#8221; background_color_opacity=&#8221;1&#8243; background_hover_color_opacity=&#8221;1&#8243; width=&#8221;1\/6&#8243; tablet_text_alignment=&#8221;default&#8221; phone_text_alignment=&#8221;default&#8221;][\/vc_column][\/vc_row][vc_row type=&#8221;in_container&#8221; full_screen_row_position=&#8221;middle&#8221; scene_position=&#8221;center&#8221; text_color=&#8221;dark&#8221; text_align=&#8221;left&#8221; overlay_strength=&#8221;0.3&#8243;][vc_column centered_text=&#8221;true&#8221; column_padding=&#8221;no-extra-padding&#8221; column_padding_position=&#8221;all&#8221; background_color_opacity=&#8221;1&#8243; background_hover_color_opacity=&#8221;1&#8243; width=&#8221;1\/6&#8243; tablet_text_alignment=&#8221;default&#8221; phone_text_alignment=&#8221;default&#8221;][\/vc_column][vc_column centered_text=&#8221;true&#8221; column_padding=&#8221;no-extra-padding&#8221; column_padding_position=&#8221;all&#8221; background_color_opacity=&#8221;1&#8243; background_hover_color_opacity=&#8221;1&#8243; width=&#8221;2\/3&#8243; tablet_text_alignment=&#8221;default&#8221; phone_text_alignment=&#8221;default&#8221;][vc_raw_html]JTNDZGl2JTIwc3R5bGUlM0QlMjJtYXJnaW4tYm90dG9tJTNBOHB4JTIyJTNFJTBBJTNDYSUyMGhyZWYlM0QlMjJQREYlMkZGUiUyRkNhdGFsb2d1ZV9Vcm5lc18yMDI0X0JlZ2luX0ZSLnBkZiUyMiUyMHRhcmdldCUzRCUyMl9ibGFuayUyMiUyMHJlbCUzRCUyMm5vb3BlbmVyJTIyJTNFJTNDaW1nJTIwY2xhc3MlM0QlMjJkb3dubG9hZFBERkljb24lMjIlMjAlMjBzcmMlM0QlMjJQREYlMkZkb3dubG9hZF8wMi5zdmclMjIlMjBhbHQlM0QlMjIlMjIlMjAlMjAlMkYlM0UlM0MlMkZhJTNFJTBBJTNDJTJGZGl2JTNFJTBBJTNDYSUyMGNsYXNzJTNEJTIybmVjdGFyLWJ1dHRvbiUyMHNtYWxsJTIwcmVndWxhciUyMGFjY2VudC1jb2xvciUyMHJlZ3VsYXItYnV0dG9uJTIyJTIwc3R5bGUlM0QlMjJ2aXNpYmlsaXR5JTNBJTIwdmlzaWJsZSUzQiUyMiUyMHRhcmdldCUzRCUyMl9ibGFuayUyMiUyMGhyZWYlM0QlMjJQREYlMkZGUiUyRkNhdGFsb2d1ZV9Vcm5lc18yMDI0X0JlZ2luX0ZSLnBkZiUyMiUyMGRhdGEtY29sb3Itb3ZlcnJpZGUlM0QlMjJmYWxzZSUyMiUyMGRhdGEtaG92ZXItY29sb3Itb3ZlcnJpZGUlM0QlMjJmYWxzZSUyMiUyMGRhdGEtaG92ZXItdGV4dC1jb2xvci1vdmVycmlkZSUzRCUyMiUyM2ZmZiUyMiUzRSUzQ3NwYW4lM0VUJUMzJUE5bCVDMyVBOWNoYXJnZXIlMjBsZSUyMGNhdGFsb2d1ZSUyMGNvbXBsZXQlM0MlMkZzcGFuJTNFJTNDJTJGYSUzRQ==[\/vc_raw_html][\/vc_column][vc_column column_padding=&#8221;no-extra-padding&#8221; column_padding_position=&#8221;all&#8221; background_color_opacity=&#8221;1&#8243; background_hover_color_opacity=&#8221;1&#8243; width=&#8221;1\/6&#8243; tablet_text_alignment=&#8221;default&#8221; phone_text_alignment=&#8221;default&#8221;][\/vc_column][\/vc_row][vc_row type=&#8221;in_container&#8221; full_screen_row_position=&#8221;middle&#8221; scene_position=&#8221;center&#8221; text_color=&#8221;dark&#8221; text_align=&#8221;left&#8221; disable_element=&#8221;yes&#8221; overlay_strength=&#8221;0.3&#8243;][vc_column column_padding=&#8221;no-extra-padding&#8221; column_padding_position=&#8221;all&#8221; background_color_opacity=&#8221;1&#8243; background_hover_color_opacity=&#8221;1&#8243; width=&#8221;1\/4&#8243; tablet_text_alignment=&#8221;default&#8221; phone_text_alignment=&#8221;default&#8221;][\/vc_column][vc_column column_padding=&#8221;no-extra-padding&#8221; column_padding_position=&#8221;all&#8221; background_color_opacity=&#8221;1&#8243; background_hover_color_opacity=&#8221;1&#8243; background_image=&#8221;145&#8243; width=&#8221;1\/2&#8243; tablet_text_alignment=&#8221;default&#8221; phone_text_alignment=&#8221;default&#8221;][vc_column_text css=&#8221;.vc_custom_1492643875512{padding-top: 40px !important;padding-bottom: 40px !important;}&#8221;]\n<p style=\"text-align: center;\"><strong>Cannot find what you are looking for?<br \/>\n<\/strong>We take&nbsp;special requests.<\/p>\n<p style=\"text-align: center;\"><a href=\"https:\/\/urnesbegin.com\/?page_id=46&amp;lang=en#contact\">CONTACT US<\/a><\/p>\n[\/vc_column_text][\/vc_column][vc_column column_padding=&#8221;no-extra-padding&#8221; column_padding_position=&#8221;all&#8221; background_color_opacity=&#8221;1&#8243; background_hover_color_opacity=&#8221;1&#8243; width=&#8221;1\/4&#8243; tablet_text_alignment=&#8221;default&#8221; phone_text_alignment=&#8221;default&#8221;][\/vc_column][\/vc_row]\n","protected":false},"excerpt":{"rendered":"<p>[vc_row type=&#8221;full_width_content&#8221; full_screen_row_position=&#8221;middle&#8221; scene_position=&#8221;center&#8221; text_color=&#8221;dark&#8221; text_align=&#8221;left&#8221; class=&#8221;topBannerImage&#8221; overlay_strength=&#8221;0.3&#8243;][vc_column centered_text=&#8221;true&#8221; column_padding=&#8221;no-extra-padding&#8221; column_padding_position=&#8221;all&#8221; background_color_opacity=&#8221;1&#8243; background_hover_color_opacity=&#8221;1&#8243; width=&#8221;1\/1&#8243; tablet_text_alignment=&#8221;default&#8221; phone_text_alignment=&#8221;default&#8221;][\/vc_column][\/vc_row][vc_row type=&#8221;full_width_content&#8221; full_screen_row_position=&#8221;middle&#8221; bg_color=&#8221;#efefed&#8221; scene_position=&#8221;center&#8221; text_color=&#8221;dark&#8221; text_align=&#8221;left&#8221; bottom_padding=&#8221;0&#8243; overlay_strength=&#8221;0.3&#8243;][vc_column centered_text=&#8221;true&#8221; column_padding=&#8221;no-extra-padding&#8221; column_padding_position=&#8221;all&#8221; background_color_opacity=&#8221;1&#8243; background_hover_color_opacity=&#8221;1&#8243; width=&#8221;1\/1&#8243;&#8230;<\/p>\n","protected":false},"author":11705,"featured_media":0,"parent":0,"menu_order":0,"comment_status":"closed","ping_status":"closed","template":"","meta":{"_acf_changed":false,"footnotes":""},"class_list":["post-54511","page","type-page","status-publish","hentry"],"acf":[],"_links":{"self":[{"href":"https:\/\/urnesbegin.com\/index.php?rest_route=\/wp\/v2\/pages\/54511","targetHints":{"allow":["GET"]}}],"collection":[{"href":"https:\/\/urnesbegin.com\/index.php?rest_route=\/wp\/v2\/pages"}],"about":[{"href":"https:\/\/urnesbegin.com\/index.php?rest_route=\/wp\/v2\/types\/page"}],"author":[{"embeddable":true,"href":"https:\/\/urnesbegin.com\/index.php?rest_route=\/wp\/v2\/users\/11705"}],"replies":[{"embeddable":true,"href":"https:\/\/urnesbegin.com\/index.php?rest_route=%2Fwp%2Fv2%2Fcomments&post=54511"}],"version-history":[{"count":7,"href":"https:\/\/urnesbegin.com\/index.php?rest_route=\/wp\/v2\/pages\/54511\/revisions"}],"predecessor-version":[{"id":54596,"href":"https:\/\/urnesbegin.com\/index.php?rest_route=\/wp\/v2\/pages\/54511\/revisions\/54596"}],"wp:attachment":[{"href":"https:\/\/urnesbegin.com\/index.php?rest_route=%2Fwp%2Fv2%2Fmedia&parent=54511"}],"curies":[{"name":"wp","href":"https:\/\/api.w.org\/{rel}","templated":true}]}}